{"id":3825,"date":"2020-12-11T12:43:16","date_gmt":"2020-12-11T12:43:16","guid":{"rendered":"https:\/\/urkpk.org\/programmes\/included-parents\/ukljuciva-podrska\/"},"modified":"2021-06-09T12:18:02","modified_gmt":"2021-06-09T12:18:02","slug":"inclusive-support","status":"publish","type":"page","link":"https:\/\/urkpk.org\/en\/programmes\/included-parents\/inclusive-support\/","title":{"rendered":"Inclusive support"},"content":{"rendered":"<p>[et_pb_section fb_built=&#8221;1&#8243; _builder_version=&#8221;4.6.6&#8243; _module_preset=&#8221;default&#8221;][et_pb_row column_structure=&#8221;3_4,1_4&#8243; _builder_version=&#8221;4.7.5&#8243; _module_preset=&#8221;default&#8221;][et_pb_column type=&#8221;3_4&#8243; _builder_version=&#8221;4.7.5&#8243; _module_preset=&#8221;default&#8221;][et_pb_text _builder_version=&#8221;4.9.2&#8243; _module_preset=&#8221;default&#8221;]<\/p>\n<h2 style=\"text-align: center;\"><span style=\"color: #ef475e;\"><b>INCLUSIVE SUPPORT (Uklju\u010diva podr\u0161ka)<\/b><\/span><\/h2>\n<p><span style=\"color: #ef475e;\"><b><\/b><\/span><\/p>\n<p><b><\/b><\/p>\n<p><span style=\"font-weight: 400;\"><span style=\"color: #ef475e;\">The project Inclusive Support<\/span> (Uklju\u010diva podr\u0161ka) was carried out from 1st September 2019 to 31st August 2020, in cooperation with the <span style=\"color: #ef475e;\">Department of Prison Service<\/span> and <span style=\"color: #ef475e;\">Probation of the Ministry of Justice of the Republic of Croatia<\/span> and the <span style=\"color: #ef475e;\">Faculty of Education and Rehabilitation Sciences<\/span>, along with the financial support of the Ministry of Labour, Pension System, Family and Social Policy.<\/span><\/p>\n<h2 style=\"text-align: center;\"><\/h2>\n<p><span style=\"font-weight: 400;\">The goal of the project was to contribute to the successful rehabilitation and reintegration of (former) prisoners and families through psychosocial support and mental healthcare services, the strengthening of the parent-child relationship and the strengthening of intersectoral cooperation. <\/span><\/p>\n<p><span style=\"font-weight: 400;\">The target group which we aimed to cover through the activities of this project are prisoners in Lepoglava and Po\u017eega Penitentiaries and Bjelovar Prison, former prisoners referred by the Probation Offices I and II, (former) prisoners\u2019 family members, justice system officials, experts of various profiles and representatives of the limited and general public.<\/span><\/p>\n<p>[\/et_pb_text][\/et_pb_column][et_pb_column type=&#8221;1_4&#8243; _builder_version=&#8221;4.7.5&#8243; _module_preset=&#8221;default&#8221;][et_pb_text _builder_version=&#8221;4.9.2&#8243; _module_preset=&#8221;default&#8221; custom_padding=&#8221;0px|||||&#8221; saved_tabs=&#8221;all&#8221; global_module=&#8221;4003&#8243;]<\/p>\n<h3><span style=\"color: #24bdb8;\"><em><strong>Included Parents<\/strong><\/em><\/span><\/h3>\n<p><em><span style=\"color: #24bdb8;\"><strong><\/strong><\/span><\/em><\/p>\n<p><span style=\"color: #24bdb8;\"><a href=\"https:\/\/urkpk.org\/en\/programmes\/included-parents\/about-the-programme\/\" style=\"color: #24bdb8;\"><em><strong>About the programme<\/strong><\/em><\/a><\/span><\/p>\n<p><span style=\"color: #24bdb8;\"><em><strong>Included Communities<\/strong><\/em><\/span><\/p>\n<ul>\n<ul>\n<li><a href=\"https:\/\/urkpk.org\/en\/programmes\/included-parents\/included-communities\/about-the-project\/\"><em>About the project<\/em><\/a><\/li>\n<li><a href=\"https:\/\/urkpk.org\/en\/programmes\/included-parents\/included-communities\/educational-modules\/\"><em>Educational modules<\/em><\/a><\/li>\n<li><a href=\"https:\/\/urkpk.org\/en\/programmes\/included-parents\/included-communities\/surveys\/\"><em>Surveys<\/em><\/a><\/li>\n<\/ul>\n<\/ul>\n<p><span style=\"color: #24bdb8;\"><a href=\"https:\/\/urkpk.org\/en\/programmes\/included-parents\/inclusive-support\/\" style=\"color: #24bdb8;\"><em><strong>Inclusive Support<\/strong><\/em><\/a><\/span><\/p>\n<p><a href=\"https:\/\/urkpk.org\/en\/programmes\/included-parents\/the-support-is-here-for-you\/\"><span style=\"color: #24bdb8;\"><em><strong>The Support is here for You<\/strong><\/em><\/span><\/a><\/p>\n<p><em><a href=\"https:\/\/urkpk.org\/en\/programmes\/included-parents\/parenthub2\/\"><span style=\"color: #24bdb8;\"><strong>ParentHub<\/strong><\/span><\/a><\/em><\/p>\n<p><strong><\/strong><\/p>\n<p>[\/et_pb_text][\/et_pb_column][\/et_pb_row][\/et_pb_section]<\/p>\n","protected":false},"excerpt":{"rendered":"<p>INCLUSIVE SUPPORT (Uklju\u010diva podr\u0161ka) The project Inclusive Support (Uklju\u010diva podr\u0161ka) was carried out from 1st September 2019 to 31st August 2020, in cooperation with the Department of Prison Service and Probation of the Ministry of Justice of the Republic of Croatia and the Faculty of Education and Rehabilitation Sciences, along with the financial support of [&hellip;]<\/p>\n","protected":false},"author":1,"featured_media":0,"parent":3797,"menu_order":0,"comment_status":"closed","ping_status":"closed","template":"","meta":{"_et_pb_use_builder":"on","_et_pb_old_content":"","_et_gb_content_width":"","footnotes":""},"class_list":["post-3825","page","type-page","status-publish","hentry"],"_links":{"self":[{"href":"https:\/\/urkpk.org\/en\/wp-json\/wp\/v2\/pages\/3825","targetHints":{"allow":["GET"]}}],"collection":[{"href":"https:\/\/urkpk.org\/en\/wp-json\/wp\/v2\/pages"}],"about":[{"href":"https:\/\/urkpk.org\/en\/wp-json\/wp\/v2\/types\/page"}],"author":[{"embeddable":true,"href":"https:\/\/urkpk.org\/en\/wp-json\/wp\/v2\/users\/1"}],"replies":[{"embeddable":true,"href":"https:\/\/urkpk.org\/en\/wp-json\/wp\/v2\/comments?post=3825"}],"version-history":[{"count":3,"href":"https:\/\/urkpk.org\/en\/wp-json\/wp\/v2\/pages\/3825\/revisions"}],"predecessor-version":[{"id":4012,"href":"https:\/\/urkpk.org\/en\/wp-json\/wp\/v2\/pages\/3825\/revisions\/4012"}],"up":[{"embeddable":true,"href":"https:\/\/urkpk.org\/en\/wp-json\/wp\/v2\/pages\/3797"}],"wp:attachment":[{"href":"https:\/\/urkpk.org\/en\/wp-json\/wp\/v2\/media?parent=3825"}],"curies":[{"name":"wp","href":"https:\/\/api.w.org\/{rel}","templated":true}]}}

<p>[et_pb_section fb_built=&#8221;1&#8243; _builder_version=&#8221;4.6.6&#8243; _module_preset=&#8221;default&#8221;][et_pb_row column_structure=&#8221;3_4,1_4&#8243; _builder_version=&#8221;4.7.5&#8243; _module_preset=&#8221;default&#8221;][et_pb_column type=&#8221;3_4&#8243; _builder_version=&#8221;4.7.5&#8243; _module_preset=&#8221;default&#8221;][et_pb_text _builder_version=&#8221;4.9.2&#8243; _module_preset=&#8221;default&#8221;]</p>
<h2 style="text-align: center;"><span style="color: #ef475e;"><b>INCLUSIVE SUPPORT (Uključiva podrška)</b></span></h2>
<p><span style="color: #ef475e;"><b></b></span></p>
<p><b></b></p>
<p><span style="font-weight: 400;"><span style="color: #ef475e;">The project Inclusive Support</span> (Uključiva podrška) was carried out from 1st September 2019 to 31st August 2020, in cooperation with the <span style="color: #ef475e;">Department of Prison Service</span> and <span style="color: #ef475e;">Probation of the Ministry of Justice of the Republic of Croatia</span> and the <span style="color: #ef475e;">Faculty of Education and Rehabilitation Sciences</span>, along with the financial support of the Ministry of Labour, Pension System, Family and Social Policy.</span></p>
<h2 style="text-align: center;"></h2>
<p><span style="font-weight: 400;">The goal of the project was to contribute to the successful rehabilitation and reintegration of (former) prisoners and families through psychosocial support and mental healthcare services, the strengthening of the parent-child relationship and the strengthening of intersectoral cooperation. </span></p>
<p><span style="font-weight: 400;">The target group which we aimed to cover through the activities of this project are prisoners in Lepoglava and Požega Penitentiaries and Bjelovar Prison, former prisoners referred by the Probation Offices I and II, (former) prisoners’ family members, justice system officials, experts of various profiles and representatives of the limited and general public.</span></p>
<p>[/et_pb_text][/et_pb_column][et_pb_column type=&#8221;1_4&#8243; _builder_version=&#8221;4.7.5&#8243; _module_preset=&#8221;default&#8221;][et_pb_text _builder_version=&#8221;4.9.2&#8243; _module_preset=&#8221;default&#8221; custom_padding=&#8221;0px|||||&#8221; saved_tabs=&#8221;all&#8221; global_module=&#8221;4003&#8243;]</p>
<h3><span style="color: #24bdb8;"><em><strong>Included Parents</strong></em></span></h3>
<p><em><span style="color: #24bdb8;"><strong></strong></span></em></p>
<p><span style="color: #24bdb8;"><a href="https://urkpk.org/en/programmes/included-parents/about-the-programme/" style="color: #24bdb8;"><em><strong>About the programme</strong></em></a></span></p>
<p><span style="color: #24bdb8;"><em><strong>Included Communities</strong></em></span></p>
<ul>
<ul>
<li><a href="https://urkpk.org/en/programmes/included-parents/included-communities/about-the-project/"><em>About the project</em></a></li>
<li><a href="https://urkpk.org/en/programmes/included-parents/included-communities/educational-modules/"><em>Educational modules</em></a></li>
<li><a href="https://urkpk.org/en/programmes/included-parents/included-communities/surveys/"><em>Surveys</em></a></li>
</ul>
</ul>
<p><span style="color: #24bdb8;"><a href="https://urkpk.org/en/programmes/included-parents/inclusive-support/" style="color: #24bdb8;"><em><strong>Inclusive Support</strong></em></a></span></p>
<p><a href="https://urkpk.org/en/programmes/included-parents/the-support-is-here-for-you/"><span style="color: #24bdb8;"><em><strong>The Support is here for You</strong></em></span></a></p>
<p><em><a href="https://urkpk.org/en/programmes/included-parents/parenthub2/"><span style="color: #24bdb8;"><strong>ParentHub</strong></span></a></em></p>
<p><strong></strong></p>
<p>[/et_pb_text][/et_pb_column][/et_pb_row][/et_pb_section]</p>

<p>INCLUSIVE SUPPORT (Uključiva podrška) The project Inclusive Support (Uključiva podrška) was carried out from 1st September 2019 to 31st August 2020, in cooperation with the Department of Prison Service and Probation of the Ministry of Justice of the Republic of Croatia and the Faculty of Education and Rehabilitation Sciences, along with the financial support of [&hellip;]</p>
